te the greatest common factor of 159562 and 12818.
442
What is the highest common factor of 216131 and 26496?
23
Calculate the highest common factor of 152 and 188897392.
152
Calculate the highest common factor of 7935 and 111865.
5
Calculate the highest common divisor of 20982526 and 24224.
1514
What is the greatest common factor of 300514 and 111?
37
Calculate the highest common factor of 938175042 and 4746.
4746
Calculate the highest common factor of 1293773 and 3067843.
4327
What is the highest common divisor of 5024920 and 26152?
3736
Calculate the highest common factor of 1193148 and 2783.
253
Calculate the highest common factor of 9975 and 605040275.
3325
Calculate the greatest common factor of 22597750 and 1295.
1295
Calculate the greatest common factor of 81342 and 176166.
18
What is the greatest common factor of 9469677 and 149919?
1239
What is the greatest common factor of 1662 and 129456?
6
Calculate the greatest common factor of 70821112 and 4402.
62
Calculate the highest common factor of 2415640 and 132768.
3688
Calculate the highest common divisor of 324 and 1575207.
81
What is the highest common divisor of 175761 and 11254?
331
What is the highest common factor of 701687 and 5?
1
Calculate the greatest common divisor of 7101 and 50759.
263
Calculate the greatest common divisor of 16238 and 78959.
23
Calculate the highest common divisor of 1059 and 15690497.
353
What is the greatest common factor of 4152 and 16064?
8
What is the highest common factor of 97650 and 1307925?
225
What is the highest common factor of 379464 and 50925?
291
What is the greatest common factor of 2587 and 395195294?
2587
Calculate the highest common divisor of 893826596 and 2834.
2834
What is the greatest common factor of 247045 and 1515?
5
Calculate the greatest common divisor of 53449266 and 533.
13
What is the greatest common divisor of 32 and 16999768?
8
Calculate the highest common factor of 6380913 and 685377.
5313
Calculate the highest common factor of 600 and 23330520.
120
What is the highest common factor of 12 and 1379604?
12
Calculate the greatest common divisor of 3399704 and 1848.
616
Calculate the highest common divisor of 255332849 and 57.
19
What is the greatest common divisor of 117 and 734960460?
39
Calculate the greatest common factor of 32135290 and 275.
55
What is the highest common divisor of 13838 and 4042634?
34
What is the highest common factor of 5592365 and 336774?
1369
Calculate the greatest common divisor of 15743 and 461177691.
2249
What is the highest common divisor of 4436 and 41187151?
1109
What is the highest common factor of 1788 and 2665014?
894
Calculate the greatest common factor of 304175 and 208275.
25
Calculate the highest common divisor of 3120553 and 79594.
2341
Calculate the greatest common factor of 643 and 993602823.
643
What is the highest common divisor of 836386 and 109766?
1546
What is the highest common factor of 47374 and 41?
1
Calculate the greatest common factor of 48 and 490062.
6
Calculate the highest common factor of 13514 and 28942.
58
Calculate the greatest common divisor of 3549568 and 132.
44
What is the greatest common divisor of 624 and 15065388?
156
What is the greatest common divisor of 1292 and 1785510?
34
What is the highest common divisor of 105 and 257151210?
15
What is the greatest common divisor of 384 and 4162?
2
What is the highest common divisor of 24 and 1982922684?
12
What is the highest common factor of 138508 and 812696?
124
What is the greatest common factor of 35966245 and 25?
5
Calculate the greatest common divisor of 6088320 and 112140.
1260
What is the highest common factor of 746656 and 4256?
32
Calculate the greatest common factor of 24117269 and 1881.
11
What is the greatest common factor of 4034 and 11107619?
2017
Calculate the greatest common divisor of 119311147 and 241.
241
What is the greatest common divisor of 1826 and 316558?
22
What is the greatest common factor of 1007073 and 123768?
81
What is the highest common divisor of 271316736 and 1360?
272
What is the highest common factor of 18967712 and 32?
32
What is the highest common factor of 96995584 and 256?
256
What is the greatest common divisor of 1635 and 189604083?
327
Calculate the greatest common factor of 73179 and 1591254.
1557
What is the highest common divisor of 465898750 and 5000?
1250
What is the highest common factor of 951 and 217041024?
951
Calculate the highest common divisor of 8614411 and 143.
13
Calculate the highest common factor of 851825 and 32175.
325
What is the highest common factor of 1432191 and 3397?
79
Calculate the greatest common divisor of 93571 and 29369.
683
Calculate the highest common factor of 3300 and 1159425.
75
Calculate the greatest common divisor of 2792 and 319188769.
349
What is the highest common factor of 308 and 304080?
28
Calculate the greatest common divisor of 48 and 165912456.
24
Calculate the highest common divisor of 51 and 48890351.
17
Calculate the greatest common divisor of 31815 and 6281695.
3535
Calculate the highest common factor of 9721120 and 64.
32
What is the highest common factor of 243089487 and 2988?
747
Calculate the highest common divisor of 15376365 and 171.
9
Calculate the greatest common divisor of 1414 and 161686.
14
What is the greatest common divisor of 161 and 2480159?
23
Calculate the greatest common factor of 1479890 and 17513.
83
What is the highest common factor of 71568 and 548856?
504
Calculate the greatest common divisor of 65 and 156636116.
13
Calculate the highest common factor of 130088 and 368347.
707
What is the greatest common divisor of 51072 and 174256?
16
What is the greatest common factor of 684 and 1881?
171
Calculate the greatest common divisor of 10553 and 135725.
61
What is the highest common factor of 5392466 and 171?
19
Calculate the greatest common factor of 14606616 and 72.
24
Calculate the greatest common factor of 2178449 and 84175.
3367
What is the greatest common factor of 62456 and 5155152?
1688
Calculate the highest common divisor of 41994 and 31383.
9
Calculate the greatest common factor of 3949401 and 5883.
159
Calculate the highest common divisor of 5423474 and 551.
19
What is the highest common divisor of 36 and 188827524?
36
Calculate the highest common factor of 1602446 and 2124280.
4618
Calculate the highest common factor of 50828 and 520201.
131
What is the greatest common factor of 24480 and 12929520?
4080
Calculate the highest common factor of 396606 and 4312.
98
Calculate the greatest common factor of 4786346 and 536.
134
What is the highest common divisor of 308374 and 23754?
214
What is the highest common factor of 47773700 and 1040?
260
What is the greatest common factor of 480435 and 48765?
15
What is the highest common divisor of 11893 and 7861?
7
What is the greatest common factor of 13053 and 218481?
57
What is the highest common divisor of 43128 and 5949?
9
What is the highest common divisor of 56328 and 114000831?
7041
Calculate the highest common factor of 5173679 and 123440.
1543
Calculate the highest common divisor of 4 and 32173012.
4
Calculate the highest common divisor of 388955 and 525.
35
Calculate the highest common divisor of 342 and 32379534.
342
Calculate the greatest common divisor of 279943 and 436959.
1033
Calculate the highest common divisor of 90 and 40577700.
30
Calculate the highest common divisor of 44190 and 26111380.
4910
What is the highest common divisor of 3168012912 and 48?
48
What is the highest common factor of 22130980 and 20?
20
Calculate the greatest common divisor of 27836388 and 1488.
372
What is the greatest common divisor of 314048 and 5306?
14
Calculate the greatest common divisor of 255174613 and 1.
1
Calculate the highest common divisor of 9698 and 11762182.
746
What is the highest common divisor of 11346636 and 2793?
147
Calculate the greatest common divisor of 60184635 and 105.
105
What is the highest common divisor of 29 and 1437340717?
29
What is the highest common factor of 1255 and 502753?
251
What is the highest common factor of 18820 and 3020?
20
What is the highest common factor of 85816 and 20740?
68
Calculate the highest common factor of 30177810 and 2340.
1170
What is the highest common divisor of 12807002 and 182?
26
Calculate the 